1 a factor of q?
True
Let n(l) = l**2 + l + 8. Does 14 divide n(-9)?
False
Suppose -14 = -2*r + 14. Is 5 a factor of (-4)/r - (-465)/35?
False
Suppose 0 = -2*m - d - 4*d + 18, 3*m - 2*d = -11. Let p be 2/(m - 5/(-3)). Suppose -l - p*l = -176. Is l a multiple of 12?
False
Let d = 12 - 19. Let k(c) be the third derivative of -c**5/60 - 3*c**4/8 + c**3/6 - 7*c**2 + c. Does 15 divide k(d)?
True
Let k(n) = 8 - 2*n + 2 - 2 + 2. Is 15 a factor of k(-9)?
False
Let l = 66 - -42. Is 11 a factor of l?
False
Suppose -5*c + 225 = -0*j - 5*j, -55 = -2*c - 5*j. Let t be (-8)/(-12) - c/6. Does 8 divide (t - -3) + 14 - 3?
True
Suppose -24 = -3*r - 5*u + 24, -2*u = 5*r - 80. Does 8 divide r?
True
Let x(j) = -9*j + 3. Suppose -a = -5*a - 8. Let g(k) = k. Let v(i) = a*g(i) - x(i). Does 11 divide v(2)?
True
Let k be ((-7)/(-2))/((-2)/4). Let f = k - -11. Suppose 2*s + c = 84, -f*s + 4*c + 210 = s. Is s a multiple of 25?
False
Let l = -75 - -111. Is l a multiple of 9?
True
Let g = 8 - 1. Is 3 a factor of g?
False
Suppose 0 = -4*a - 5*g + 28, 21 = 3*a - 2*g + g. Is 2 a factor of a?
False
Let h be -2 + (0 - 11 - -2). Let d(n) = n**3 + n**2 + 3*n - 38. Let p(g) = -5*g**3 - 5*g**2 - 16*g + 190. Let c(t) = h*d(t) - 2*p(t). Is c(0) a multiple of 14?
False
Suppose -4*f - 1 = -3*b + 6, 0 = -3*f + 3*b - 3. Let a = f - -18. Does 4 divide a?
False
Suppose -2*y = -5*y + 51. Does 13 divide y?
False
Suppose 5*z - 3*v = 368, z - 63 - 29 = -4*v. Does 19 divide z?
True
Let w(j) = -2*j**2 - 4*j - 3. Let y be w(-3). Let f be -15*(15/y + 0). Let x = 39 - f. Is 5 a factor of x?
False
Suppose 16 = -0*t + 4*t. Suppose t*q - 139 = -23. Is q a multiple of 9?
False
Is 11 a factor of ((-9)/(-3) + 0)*11?
True
Let c = 64 + -20. Is 23 a factor of c?
False
Let o(u) = -1 + 3*u + 8*u**2 - 2 + 1. Let z be 3/(-3)*-3 - 1. Is o(z) a multiple of 17?
False
Let u(s) = -s**3 + 5*s**2 + 8*s - 7. Let l be u(6). Suppose 10*p - l*p = 25. Does 2 divide p?
False
Suppose -5*n = -39 - 11. Let g be 91/35 + 4/n. Let f(z) = z**2 - 2*z - 1. Does 2 divide f(g)?
True
Let y(d) = 6*d**2 + 3*d - 7. Is y(-5) a multiple of 32?
True
Let g(m) be the first derivative of -m**6/120 - m**5/12 + 5*m**3/6 + 3*m**2/2 - 3. Let q(p) be the second derivative of g(p). Is q(-5) a multiple of 5?
True
Let p(c) = -3*c**2 + 0 + 1 + 6*c**2. Let q be p(1). Suppose u = 3*k - 102, 0 = 3*k + k - q*u - 144. Does 12 divide k?
False
Suppose -3*v + 2*v - 5 = 0, 0 = -3*q - 5*v + 38. Is 235/3 + (-7)/q a multiple of 20?
False
Let c be 4/(-2)*(-162)/12. Suppose -5*n + c = -8. Is n a multiple of 2?
False
Suppose h + 2*h - 51 = 0. Suppose 0 = -0*m - m - h. Is 12 a factor of (-3)/((-9)/m)*-6?
False
Let w be (0/4)/((-2)/2). Suppose w = c + 3*n + 29, c + 1 + 4 = 5*n. Let a = c + 41. Is 21 a factor of a?
True
Let b be ((-51)/(-9))/((-2)/(-6)). Let p(h) = -h**3 - 5*h**2 - 5. Let u be p(-6). Let c = b + u. Is c a multiple of 20?
False
Let t be (-1 + -1)*-9*9. Suppose h - 114 = 3*c, -c - t = 3*c + 2*h. Let a = -21 - c. Is 9 a factor of a?
True
Let f(z) = 2*z**2 - z - 7. Does 12 divide f(-5)?
True
Let z = -3 - -5. Let g be 4 - (-1)/(z/(-2)). Suppose 4*r = g*r + 41. Does 17 divide r?
False
Let r(m) = 11*m - 8. Let u be r(5). Suppose -a = -5*b - u, -a + 7 = -0*a + 5*b. Is 9 a factor of a?
True
Does 3 divide (-10 + 4)/((-4)/2)?
True
Suppose c - 3*c = -6. Suppose -6 = c*g - 18. Suppose 5*p - 85 = -3*h + 30, g*p = -4*h + 100. Is 10 a factor of p?
True
Let u = -7 + 7. Suppose 65 = -u*a + a. Is 25 a factor of a?
False
Let b = 7 - 5. Suppose 0 = b*l + 5 - 47. Is l a multiple of 7?
True
Let m(y) be the first derivative of 17*y**2/2 - y - 2. Does 7 divide m(1)?
False
Suppose p + 81 = -2*p. Let n = p + 62. Does 28 divide n?
False
Let m(p) be the second derivative of 5/3*p**3 - p - 1/2*p**2 + 0. Is 5 a factor of m(1)?
False
Suppose l - 149 = -3*s, -5*s = -0*s + 2*l - 250. Does 16 divide s?
True
Let v = -6 + 58. Suppose -4*m - 5*j = -54, 3*m + 2*m = 2*j + 84. Suppose 5*r = 3*g - v, -5*g - m = -5*r - 96. Is g a multiple of 14?
True
Suppose 0 = -2*x - 3*x + 120. Is x a multiple of 12?
True
Let k be ((-3 - -4) + 0)*22. Suppose 0 = -2*d - 3*h + 50, 0 = -d + 5*h + 16 + 22. Suppose -d = -m + k. Is m a multiple of 25?
True
Let v(h) be the first derivative of 3*h**2 - 6*h - 1. Is v(9) a multiple of 19?
False
Let h(s) = s**2 + 5*s + 8. Let t be h(-8). Let p = t - -2. Is 15 a factor of p?
False
Suppose 11 = 5*r - 3*x, r + 2*x - 1 = 3*x. Is (-2)/r + 365/10 a multiple of 12?
True
Suppose -5*o + 84 - 5 = 2*m, 3*m = 5*o + 131. Is 21 a factor of m?
True
Is 14 a factor of 4/18 + (-3099)/(-27)?
False
Let r(x) = -4*x - 4*x + x**2 + 3 - x**3 - 9*x**2. Is 10 a factor of r(-7)?
True
Let x be 6/(-4)*(-4)/(-2). Let v be (x + -3)*(-10)/(-4). Does 11 divide (-5)/v + (-130)/(-6)?
True
Let p(c) = c**3 + c**2 - 2*c. Let i = 5 - 2. Does 30 divide p(i)?
True
Let l(d) = d**3 - 6*d**2 + 6*d + 7. Let z(y) = -y**3 - y**2 - y + 5. Let v be z(0). Let o be l(v). Does 11 divide 303/o - 2/8?
False
Let d(b) = -22*b - 2. Let u be d(2). Is 22 a factor of -2 + 0 - u/1?
True
Suppose 5*l = d + 332 + 247, l + 3*d = 119. Suppose 0*t = -4*t + l. Suppose -z + t = 5. Does 17 divide z?
False
Let m = 9 + -9. Let t = 4 + m. Is 2 a factor of t?
True
Suppose 128 = 5*p - 4*i + 1, 3*p - 5*i - 84 = 0. Is p a multiple of 23?
True
Suppose 3*g + 2*g = 1185. Is g a multiple of 13?
False
Suppose 3*s - 5*s + 10 = 0. Suppose s*f - 144 = -f. Does 8 divide f?
True
Let t = 30 - 17. Does 3 divide t?
False
Suppose 16 = -8*h + 12*h. Is h a multiple of 4?
True
Let o = -63 + 111. Is 12 a factor of o?
True
Let c(t) = t**3 - 2*t**2 - 5*t + 2. Let f be c(3). Does 12 divide 76/10*(-10)/f?
False
Suppose 0 = 2*j + 4*c - 26, -2*c - 26 = 4*j - 78. Suppose -3*a + j = -32. Is 10 a factor of a?
False
Let i = -45 + 68. Suppose -2*a + a + i = -5*j, j - 2 = -2*a. Suppose d + 4*l - 10 = 0, 0 = a*d - 2*d - 5*l - 46. Does 15 divide d?
False
Let c be (-72)/27*3*1. Is (10/(-3))/(c/12) even?
False
Suppose 5*c - 67 = i + 20, 4*c - 78 = 5*i. Is c a multiple of 17?
True
Suppose -2*x + 24 + 0 = 0. Let o = -8 + x. Suppose 5*q + 3*c - 3 = o*q, -5*c - 50 = -2*q. Is 15 a factor of q?
True
Let p = -22 - -15. Let b(x) = -2. Let h(q) = q + 2. Let o(t) = -4*b(t) - 6*h(t). Does 19 divide o(p)?
True
Let g be ((-32)/5)/((-12)/(-270)). Is 19 a factor of (-2)/(-16) - 10926/g?
True
Suppose 0 = -4*p + o + 795, -3*o + 23 - 8 = 0. Does 13 divide p?
False
Let f be (1 + -13)/(8/(-40)). Suppose -4*y + f + 16 = 0. Suppose -5*q + 35 = 4*i - y, 2*i + 64 = 4*q. Is q a multiple of 4?
False
Suppose 0 = 5*c + 5*x - 5, 3*c - 5 = -4*x - 2. Let w(r) = -3*r + 3 - 2 + r + 6*r. Is 5 a factor of w(c)?
True
Let x = 64 - -1. Is 13 a factor of x?
True
Let a(r) be the first derivative of -r**3/3 + 13*r**2/2 - 14*r + 4. Let q be a(12). Is (-1)/(4/18)*q a multiple of 8?
False
Let p(a) = 6*a**3 - a**2 + a + 2. Let b be p(2). Let u = b + -13. Is 14 a factor of u?
False
Let w = -37 + 57. Suppose -p = -5*p + w. Suppose -p*y - 2*f + 120 = 3*f, -3*y - f + 62 = 0. Is y a multiple of 13?
False
Let g(i) = -2*i**3 - i**2 + 4*i - 1. Let w be g(-3). Let o = -79 - -56. Let n = w + o. Is n a multiple of 4?
False
Let u(f) = -f**2 + 5*f + 6. Let k = 7 + -1. Let g be u(k). Is 2 a factor of (-3 - g/(-1)) + 7?
True
Let o(s) = 0 + 1 - s + 0. Let z be o(-3). Suppose -z*j + 5*j = -2*b + 47, 2*j = -5*b + 116. Does 14 divide b?
False
Let h be 22/4*(-4)/(-1). Suppose u = -5*x + h, -4*u + u + 2 = -x. Suppose 5*k - 15 = -3*c, -2*c = x*k - c - 19. Is k a multiple of 3?
True
Let m = 4 - 4. Suppose -4*h + 7*h - 108 = m. Is 16 a factor of h?
False
Suppose -2*x + 5*m = -16, 0 = -0*x + 3*x + 2*m + 14. Let c = 2 + x. Suppose c = 2*f - 4*y - 26, 0 = f - 2*f - 4*y + 37. Is f a multiple of 7?
True
Let u = 1 - 2. Does 5 divide u - (-11 + (-2)/(-1))?
False
Is 6 a factor of (16/(-5))/(4/(-90))?
True
Let w = -320 - -512. Let c = 273 - w. Is c a multiple of 38?
False
Suppose -4*u = -4, 0*u - 8 = -2*f - 2*u. Is 8 a factor of (f + (-7)/2)*-16?
True
Let h(t) = -t + 4. Let a be h(5). Does 5 divide 3*((a - -9) + -3)?
True
Let l(x) = -30*x + 34. Is l(-4) a multiple of 11?
True
Let q(x) = -x**3. Let j(l) = 56*l**3 + l**2 - 2*l + 1. Let g(i) = j(i) + q(i). Let y be g(1). Suppose -5*b + 159 + y = -2*m, 223 = 5*b + m. Is 22 a factor of b?
True
Suppose 3*t =